 r = 190 - 195. Determine y(r).
-1
Suppose n + 2 - 4 = -2*s, 0 = -4*s - n + 8. Let j = -2 - -6. Let r(w) = -w**3 + 2 + 0*w + 3*w**2 + w - j*w. What is r(s)?
-7
Let g(q) be the second derivative of q**3/6 - 3*q**2 + 27*q. Let j(o) = -1. Let s(v) = 10. Let m(u) = 3*j(u) + s(u). Let y(i) = 5*g(i) + 4*m(i). What is y(-2)?
-12
Let k(t) = -202*t**2 - 4*t + 203*t**2 + 2 + 1. Let l = 10 + -6. Let w be (3/(-2))/(l/(-8)). Calculate k(w).
0
Let j(d) = d**3 + 7*d**2 + 4*d - 8. Let v = 136 - 142. Calculate j(v).
4
Let f(l) = 2*l**2 - 29*l - 21. Let i(j) = 3*j**2 - 33*j - 20. Let g(m) = -4*f(m) + 3*i(m). Calculate g(-16).
8
Suppose 0 = 4*r - 7*r. Let i(u) = -9*u + 11. Let z(k) = -22*k + 24. Let t(b) = 5*i(b) - 2*z(b). Determine t(r).
7
Let l(o) be the first derivative of o**4/4 + 7*o**3/3 + 3*o**2/2 - 13*o - 443. What is l(-6)?
5
Let z(k) = -4*k + 7. Let y(g) = -g + 2. Suppose -5*x - 2*s = -0*s - 38, s - 22 = -3*x. Let w = 16 - 38. Let m(i) = w*y(i) + x*z(i). Give m(-5).
8
Let t = -3 - 8. Let n(u) = -4*u - 24. Calculate n(t).
20
Let c(z) = -z**3 - 4*z**2 + 6*z + 1. Let a(f) = -2*f**2 - 17*f + 11. Let r be a(-9). Suppose -b + j + 1 = -j, b + r = j. Calculate c(b).
-4
Let l(h) = 3*h**3 + 3*h**2 + 3*h - h + h + 2*h**3 + 8. Let s(i) = i**3 + 1. Let k(u) = -l(u) + 4*s(u). Let v = 6 - 9. Give k(v).
5
Let q = 20 + -14. Let u = q + -5. Suppose -3*p + 4*a + u = 0, 0 = 2*p + p - 2*a - 5. Let d(l) = -l**2 + 4*l - 3. Determine d(p).
0
Suppose 2*i + 3*f = -13 + 5, 4*f - 43 = 5*i. Let l = i + 6. Let d(o) = -2 - 7*o - 10 + 6 + 5. Give d(l).
6
Let m be (-3)/((-6)/(-4)) - 2. Let d(q) = 3*q**2 + 9*q + 8. Suppose 1 = 5*l - 9. Let u(k) = 7*k**2 + 19*k + 17. Let a(b) = l*u(b) - 5*d(b). Determine a(m).
6
Let i(g) = 11*g + 18. Let w(x) = 5*x + 8. Let c(p) = 2*i(p) - 5*w(p). What is c(4)?
-16
Let z(t) = -t**2 + 7*t. Let w be -2 + (-3 - (-39)/(0 - -3)). Suppose -4*g = 5*i - w, 2*g + 5*i - 18 = 6*i. Give z(g).
0
Suppose 4*y - 38 = 5*i, -17 = -3*y + 3*i + 13. Let c(r) = y + 9*r - 18*r + 10*r. Give c(0).
12
Let t(m) be the second derivative of -m**4/12 - 4*m**3/3 + 14*m**2 - 324*m. Determine t(-11).
-5
Let z(k) be the third derivative of -k**6/120 - k**5/10 + 7*k**4/12 - k**3 + 4*k**2 - 12*k. What is z(-8)?
10
Let n be 3/2 - (-35)/14. Let o(v) = 0*v - n + 11 - 4*v**2 - 4*v**2 + 7*v + v**3. Determine o(7).
7
Let t(o) = 3 - o - 103*o**2 + 104*o**2 - 8*o. Determine t(10).
13
Let q(d) = -2*d**2 + 4*d + 1. Let t(r) be the second derivative of 0 + 7/2*r**2 - r + 1/6*r**3. Let l be t(-4). Determine q(l).
-5
Let k(t) = 2*t + 3. Suppose 304*f - 297*f = 21. Give k(f).
9
Let i(u) = -112 - 1285*u + 2558*u - 1276*u. Determine i(-36).
-4
Let c(l) = -l - 1. Let t(o) = 10*o + 4. Let s(z) = -12*c(z) - t(z). Let g be (8/12)/(8/(-48)) - 3. Calculate s(g).
-6
Let l(c) = 8*c + 10*c - 26*c + 15*c - 6. Determine l(5).
29
Let y(c) = c**3 - 4*c**2 + c. Let k be y(4). Suppose 0*h - k*h = 36. Let r = h - -6. Let q(b) = -b**3 - 5*b**2 - 2*b + 1. Calculate q(r).
-11
Let m(j) = j + 2. Suppose 3*o + 24*o = -54. What is m(o)?
0
Let r(k) = -k**2 + 2*k + 4. Let u be -2 + 1 + 0 + 7. Suppose -2*h + 0 = -u. Determine r(h).
1
Let l(f) = 1 - 2*f + 0 - 2*f + f. Let p be l(-2). Let b(c) = c - 1. Give b(p).
6
Let h(n) = 3*n**2 - 75 - 6*n**2 - n**3 + 35 + 42 + 3*n. Let p be (-2 - (-2 + 0))/(-1). Suppose p*x - 2*x - 6 = 0. What is h(x)?
-7
Let w = 833 - 839. Let j(d) = d**3 + 6*d**2 - 3*d + 7. Determine j(w).
25
Suppose 13 = -4*v + 4*c + 5, 0 = -2*v - 5*c + 24. Let x(k) = -4*k + 3*k**2 - k**2 + v - k**2. Suppose 7*g - 3*g = -4*g + 24. Give x(g).
-1
Let y(d) be the first derivative of 34 + 0*d**2 + 0*d - 1/3*d**3 + 5/2*d**4. Suppose -o + 0 = -1. What is y(o)?
9
Let w(g) = 8*g + 93. Let z be w(-12). Let i(p) be the first derivative of -p**2/2 + p + 10. What is i(z)?
4
Let j(c) = 3*c - 26. Let a be 6 - (-1 - -3)*-1. Let h be j(a). Let f(g) = -2*g**2 + 3*g**2 - 3 + 3*g + 2 + 3. Calculate f(h).
0
Let o = 34 + -26. Let w(h) = -h**3 + 8*h**2 + 7. Give w(o).
7
Let u(d) = d**2 - 7*d + 8. Let k = -29 - -54. Let p = k + -18. Give u(p).
8
Let y(t) be the second derivative of 0 + 1/3*t**3 + 5/12*t**4 - 1/2*t**2 - 5*t + 1/20*t**5. Calculate y(-4).
7
Let q(f) = -f**3 - 6*f**2 + 6*f - 11. Let m be (-6)/(-4) + (-2907)/342. Calculate q(m).
-4
Let y(d) = d**2 - 7*d + 5. Suppose 14*j = 5*j + 36. Determine y(j).
-7
Let t(r) = -r + 0 + 13*r + 2 - 6*r. Calculate t(-2).
-10
Let x(a) = -a - 1. Let o(j) = 2*j**2 - 28*j + 71. Let w be o(11). What is x(w)?
-6
Let h(o) = -4*o - 90. Let i be h(-21). Let l(z) = -z**2 - 3*z + 20. What is l(i)?
2
Let c be 7*(-13)/(91/6). Let b(j) = -3*j + 7. Give b(c).
25
Suppose -q + 7*x + 15 = 3*x, q = -4*x - 25. Let u(f) = f**3 + 5*f**2 - f - 4. Determine u(q).
1
Let l = 144 - 149. Let r(p) = -4*p**2 + 7*p - 6. Let d(t) = 5*t**2 - 7*t + 5. Let b(q) = l*d(q) - 6*r(q). Give b(-8).
3
Let b(r) = -r - 8. Suppose 2 = -2*p - 4. Give b(p).
-5
Let c be (11 - 3)*(-2 - -12). Let r = 81 - c. Let b(f) = f**2 - 2*f + 1. Give b(r).
0
Suppose 5*u - 40 = -5*z, 7 + 8 = 2*z + 3*u. Let h(g) = -g + 5*g + 2*g**2 - 3*g**2 + 3*g + 13. Calculate h(z).
-5
Let n(c) = -8 + 4*c**2 - 2*c**2 - c - c**2 - 10*c - 6*c. Determine n(16).
-24
Let j(n) be the first derivative of -6*n**2 + n + 137. What is j(2)?
-23
Suppose -t = -6*t + 145. Let y(b) = -13*b - 12*b + t*b. Determine y(-3).
-12
Let w(m) = 1 + 7822*m - 4 - 1 - 7821*m. Let d be ((-6)/(-1))/(-1 - -2). Determine w(d).
2
Let f(t) = -10*t**3 + 6*t + 6. Let b(p) = -9*p**3 + 5*p + 5. Let w(z) = 5*b(z) - 4*f(z). Determine w(-1).
5
Let i(w) = w - 13*w**2 + 10*w**2 - 4*w - 6 + 4*w + 2. Determine i(0).
-4
Let q(n) = n**3 - n**2 - n + 14. Let u(f) = -2*f**3 + 13*f**2 - 9*f + 18. Let o be u(6). What is q(o)?
14
Let r = -650 + 645. Let b(q) be the second derivative of -q**2 + q + 0 - 1/2*q**3. Calculate b(r).
13
Let f(g) = 97*g - 51*g - 47*g - 12. Suppose -2*w + 4*w - 2 = -l, 2*w - 2 = 0. Let q be l*(1 + 0) - 5. Determine f(q).
-7
Let b(r) = -26299*r**2 + 26303*r**2 + 3*r + 0 - 4. What is b(3)?
41
Suppose -5*h = -x - 16, -3*h + x + 12 = h. Let o(n) be the first derivative of n**2/2 - 2*n - 448. Give o(h).
2
Let l(j) be the third derivative of 5*j**4/24 + j**3/2 - 2*j**2. Let c = -820 - -818. Determine l(c).
-7
Let r(v) be the third derivative of 0*v - 11*v**2 + 0 + 0*v**3 + 1/24*v**4 + 1/10*v**5. Calculate r(-1).
5
Let w(h) = 3*h**3 + 11*h**2 - 18*h + 20. Let y(v) = v**3 + 6*v**2 - 9*v + 10. Let b(o) = 2*w(o) - 5*y(o). Let d = -23 + 45. Let a = d - 15. Calculate b(a).
4
Let v(k) be the second derivative of -8*k + 0*k**3 + 0 - 1/12*k**4 + 0*k**2. Let o be 3/(-3)*(1 - 0). Calculate v(o).
-1
Let a(q) = -q**2 - 3*q - 9. Let j be (-6 - 15/(-6))*2. Give a(j).
-37
Let b(t) = 1504*t**2 - 7 + 9*t - 3004*t**2 + 1499*t**2. Give b(10).
-17
Let h(m) = 21 + 25 - m - 49. Calculate h(8).
-11
Let f(r) = -r**3 + 4*r**2 - 4*r + 3. Let o be f(3). Let n = 394 + -234. Let s(w) = 322 + w - 163 - n. Give s(o).
-1
Let y(x) be the third derivative of x**5/60 + x**4/4 - 5*x**3/3 + 888*x**2. Let b = -11 - -3. Determine y(b).
6
Let k(m) = 11*m + 99. Let r be k(-9). Let c(g) be the first derivative of -3*g - g**2 + 1/4*g**4 + 3 + r*g**3. What is c(-2)?
-7
Suppose 2*a = 4*y - 22, 1 = -4*a - y - 7. Suppose 2*k = 5*k - 9. Let d(p) = 6*p + 3*p + k - 5*p. Determine d(a).
-9
Let d(k) be the third derivative of -k**6/120 - 4*k**5/15 - 5*k**4/8 - k**3/2 + 47*k**2 - 3*k. Give d(-15).
-3
Let b(i) be the third derivative of -50*i**2 + 0 + 1/24*i**4 + 0*i + 2/3*i**3. Calculate b(-4).
0
Let s(c) = 7*c**3 - 2*c**2 + 1. Suppose 0*u = -4*u + 24. Suppose -3*x + 0 = -5*r + 9, -r - u = 2*x. Suppose r = 3*n - 7*n + 4. Determine s(n).
6
Let i = -97 - -93. Let w(k) = -k - 6. Give w(i).
-2
Suppose 2*c - 16 = -g + 6*c, 5*g = -5*c - 20. Let w(t) be the second derivative of -t**5/20 - t**4/12 + t**3/6 + 3*t**2/2 + 6*t + 25. Give w(g).
3
Let r(t) = t**2 + 8*t + 4. Let h = -204 + 197. Determine r(h).
-3
Let l be (-3)/(-8 + 35/7). Let j(a) = 27*a - 1. Give j(l).
26
Let g be 2/3 - (-204)/18. Suppose -4*n + 12 = 3*u - g, 3*n - 29 = -5*u. Let j(b) = -7*b + 16. Let t(o) = -4*o + 9. Let z(x) = 6*j(x) - 11*t(x). Calculate z(u).
5
Let h(y) = -y**3 + 12*y**2 + 12*y + 7. Let g(b) = 6*b**3 - 73*b**2 - 73*b - 43. Let x(j) = -2*g(j) - 13*h(j). Give x(11).
6
Let b(z) = -z - 1. L